 = -4*w + 48522 + 24028, w - 2*t = 18133. Is w prime?
False
Let f(u) = -u**2 + 16*u. Let i be f(16). Suppose 4*k - 13756 - 880 = i. Is k a composite number?
False
Let b(g) = -g**3 + 5*g**2 + 3*g - 6. Let n be b(5). Let q be 2/3 + 137/(-3). Is ((-26)/2)/(n/q) a composite number?
True
Is 27 + 99966 + -1 + -3*1 composite?
False
Let l be -4 - (-51 - -3)/4. Suppose 2*m = l*m - 24. Let a(r) = 88*r - 5. Is a(m) a prime number?
True
Let d = 4377 + -1855. Suppose 3*i - d = i. Is i prime?
False
Let p(t) = -t**2 - 6*t + 19. Let w be p(-8). Suppose 3*v + 2*h - 4373 = -3*h, 2*v - 2914 = -w*h. Is v a prime number?
True
Suppose 5 - 20 = -5*v. Suppose -v*p = -8*p - 25, 0 = 2*d + 2*p - 1924. Is d a composite number?
False
Let c(g) = 37*g**2 - 2*g - 3. Let i(n) = -n + 15. Let w be i(17). Is c(w) a composite number?
False
Let y(s) = -s**3 - 11*s**2 - 19*s - 6. Let b be y(-9). Suppose b*o = 2*o + 21. Is o prime?
False
Let b(c) = -c**3 + 14*c**2 - 14*c + 17. Let s be b(13). Suppose -4*h + 4*w = -2756, -2092 = -3*h + 2*w - s*w. Is h a prime number?
False
Let g = 1681 + -612. Is g prime?
True
Suppose 501 = 6*c - 297. Suppose 3943 = c*y - 132*y. Is y composite?
False
Let c(i) = -52 - 37*i + 79 + 94 + 42*i. Is c(0) a prime number?
False
Let v(y) = -30*y - 1. Suppose -4*i = 3*g + 17 + 4, -2*g + 37 = -3*i. Is v(i) a composite number?
False
Suppose 0*m + 16*m - 136032 = 0. Is (-20)/6*m/(-52) a composite number?
True
Suppose 2*d + 0*d = 0. Suppose d*x = -x + 261. Let v = x - 142. Is v a prime number?
False
Let y(k) = -2*k**3 + 4*k**2 + 2*k + 7. Let n be y(3). Is 1/n + 55784/20 prime?
True
Let o be ((-2)/(-2))/(-1) + 4. Let k = o - 0. Suppose -k*b + 4*b = 121. Is b a prime number?
False
Suppose 31*d = 32*d - 5. Suppose k + 3*k - d*y = 2896, -4*k + y + 2880 = 0. Is k composite?
False
Suppose 4*b - 2 = 6. Suppose 0 = -3*v + 3, 0*x - 3*v = -b*x + 443. Is x a composite number?
False
Suppose 12*c + 25938 = 2*g + 7*c, 12999 = g + 5*c. Is g composite?
False
Suppose 5*i = -3*x + 5818, 5*x = 5*i + 3630 + 6000. Is x composite?
False
Suppose 6*u + 26 = -10. Let r = 16 - u. Is r a prime number?
False
Suppose 172*n - 131*n = 6498049. Is n prime?
True
Let m(d) = 8*d**2 + 7*d - 9. Let f be 10 + (1 - -1 - 1). Let p be m(f). Suppose 5*b - b = p. Is b a prime number?
False
Let j(x) = -518*x + 76. Is j(-11) prime?
False
Let v be (-2)/((-9)/((-108)/(-8))). Suppose 56 = v*s - 1423. Is s a composite number?
True
Suppose 6*b - 118548 = -30*b. Is b composite?
True
Let d be -1*((-3)/3 + 7). Let u = 16 + d. Is (1266/9)/(u/15) a composite number?
False
Suppose 24 = 3*z - 9. Suppose 2*j - 5*t + z = 0, -4*j + 0*j = -5*t + 27. Let y(o) = -38*o + 3. Is y(j) composite?
False
Let l(q) = 2017*q**2 - 7*q - 1. Is l(-2) a composite number?
False
Is (-1)/(3/(-21)) - -8026 composite?
True
Suppose -u - 2*f - 8 = -2*u, 0 = -u - 2*f. Let s(k) = 21*k - 59. Is s(u) prime?
False
Let u(n) = -n**2 - 9*n - 18. Let j be u(-7). Let w(c) = -56*c**3 + 3*c**2 - c + 5. Is w(j) prime?
False
Let c(v) = -v + 10. Let t be c(8). Suppose 0 = -t*f - f + 6. Suppose 5*k - 1407 = f*k. Is k a prime number?
False
Let k(o) = o**3 + o**2 + o + 1839. Let i be k(0). Suppose -i = -4*t + t. Is t prime?
True
Suppose -16 = -3*y + 20. Suppose 0 = y*w - 4957 + 1945. Is w prime?
True
Let g(s) = -16*s - 4. Let m be g(-2). Suppose 22*o = m*o - 15018. Is o prime?
True
Let i be (-1218)/(-24) + (-3)/4. Suppose 0 = -2*g + 732 + i. Is g composite?
True
Let s(k) be the third derivative of k**6/120 - k**5/15 + k**4/6 - 2*k**3/3 + 20*k**2. Is s(11) a prime number?
True
Suppose -8*l + 13*l - 2195 = 0. Let x = 874 - l. Suppose 4*n - 3*g = -2*g + 575, 2*g = 3*n - x. Is n a prime number?
False
Suppose 0 = t + 4*t + 175. Is 220/t*(-14)/4 a prime number?
False
Let y(t) = 394*t**2 + 11 + t - 377*t**2 - 5*t + t**3. Is y(-16) a composite number?
False
Suppose -4*s - s + 25 = 0. Suppose s*j - 32 = -7. Suppose 0 = -j*m + 1453 + 1272. Is m composite?
True
Suppose 0 = 101*k - 104*k - 15. Is (8/k)/(-4) + (-25304)/(-40) a prime number?
False
Suppose -4*k + 2*m = -590 + 36, -2*m = 2. Let v = 325 - k. Is v a prime number?
False
Let a(s) = 1374*s - 11. Is a(3) a composite number?
False
Is (-21851)/(-20 + 23 - 12/3) a prime number?
True
Let u = -5 - -8. Suppose 2*v - 7*m + 4*m - 752 = 0, 0 = 5*v - 3*m - 1889. Suppose 4*z - v = u*z. Is z prime?
True
Let k = -15 + 11. Let h be (3 + k)/((-1)/5). Suppose 2*v + h*n = 249, 3*v - 4*n = n + 386. Is v a composite number?
False
Is (-1682 - 51)/(-2*(-2)/(-4)) prime?
True
Let k = -294 - -1083. Is k prime?
False
Let t be 20/(-25)*5/(-2). Suppose m = h + 5, m = -2*m - t*h. Is (-5 + m)*(-2667)/9 composite?
True
Let r(u) = 5*u**2 + 22*u - 62. Is r(-21) a prime number?
False
Let u(v) = -2*v**3 + 2*v**2 - 2*v - 2. Let t be u(2). Is 9779/t*(-2)/1 prime?
False
Let s be (1*(-5 - -5))/3. Is -3 - s - (-2 - 29*48) composite?
True
Suppose -4 = 5*n + 6. Let l = -8 - n. Is 69/l*(1 + -3) prime?
True
Suppose -5*m = -2*a + 29, 17 = a + m - 4*m. Suppose 3*b = -2*b + r + 1037, -a*b - 3*r = -408. Suppose -l = 2*l - b. Is l a composite number?
True
Suppose 0 = 14*o - 18*o + 63436. Is o composite?
False
Let u = -32 + 35. Suppose -2*h - u*z + 7*z + 2970 = 0, -2*h = 2*z - 2946. Is h a composite number?
True
Let o = 46 - 42. Suppose 0 = -o*x + 642 - 78. Is x a prime number?
False
Suppose 0 = 9*s - 6*s - 3*c - 37809, -4*c - 12603 = -s. Is s a prime number?
False
Let m = 81268 + -42875. Is m a composite number?
False
Let x(y) = 41*y - 24. Suppose 2*v + 8 = 18. Is x(v) composite?
False
Suppose 5*b = p + 4*p - 15, 3*b + 6 = 2*p. Suppose -19*u + 17*u + 1058 = b. Is u a composite number?
True
Let w(y) = 6*y + 2. Let h(s) = -7*s - 2. Let u(k) = -3*h(k) - 4*w(k). Let z be 8*(-2 + (-3 - -4)). Is u(z) composite?
True
Let t(r) = 3*r - 30*r**2 + 3*r + 39*r**2 - 10. Is t(7) a prime number?
False
Suppose -8*y - 273 = -57. Let u = 19 - y. Is u a composite number?
True
Suppose 0 = 39*x - 6*x - 328713. Is x a prime number?
False
Let z = 3360 - -15499. Is z prime?
True
Let g = -43 + 47. Suppose g*u - 679 = 605. Is u composite?
True
Let f = -9606 - -15702. Is ((f/18)/4)/(4/6) a prime number?
True
Let l = 23 + -20. Let f(q) = 8 - 12*q + 6 - l*q - 10*q + 4*q**2. Is f(17) prime?
False
Suppose -3 = -c - 3*u, -3*u - 89 = -5*c - 2. Let z = -7 + c. Suppose -z = j - f - 194, 3*j - 5*f - 548 = 0. Is j a prime number?
True
Suppose 3*t = -15*f + 11*f + 52576, 0 = -4*t - 16. Is f prime?
True
Let r = -7510 - -27797. Is r prime?
True
Let i be (3 - 6)/(0 - 1). Let d(r) = 0 - 1 + 4 + 0 - i*r. Is d(-4) composite?
True
Let k = 25 - 1. Suppose 26*h = k*h + 10. Suppose -3*w + 196 = i, h*w = 2*w - 15. Is i composite?
False
Suppose 0 = 5*j + 2*s + 4579, -j + 2*s + 3662 = -5*j. Let f = j + 1794. Is f a prime number?
True
Suppose 5*a + 2*t + 19 = 0, -3*t - 21 = -a + 6*a. Let x = a + 7. Suppose 5*l - x*h - 108 - 507 = 0, 0 = -l - h + 114. Is l prime?
False
Let h = -1 + 3. Suppose -2*l = -h*f + 586, -f + 277 = 2*l + l. Is f composite?
True
Let d = 7304 + -4458. Is d a prime number?
False
Suppose -84*p = -92*p + 47192. Is p prime?
False
Suppose -6*r + y + 27 = -r, -3*y = -5*r + 21. Suppose -2*d = 10, -5*w - 2*d + 5*d = -5590. Suppose -b - w = -r*b. Is b prime?
True
Let j(m) = -m**3 - 2*m**2 + m - 5. Let v(a) = -a**2 - 7*a - 8. Let f be v(-4). Let s be j(f). Let d = s - -298. Is d composite?
True
Let u be 4/(-2)*(-90)/36. Is (-5)/u*479*-1 a composite number?
False
Let k = 271 + -167. Let g be ((-24)/(-16))/(6/k). Let w = g + -19. Is w composite?
False
Suppose -95*b = -107*b + 287436. Is b composite?
True
Let h = -4 - -2. Let y = h + 6. Let i(g) = 26*g**2 - 5*g - 3. Is i(y) a prime number?
False
Let l be 52350/35 + (24/(-21))/(-4). Suppose -7*n = -15*n + l. Is n composite?
True
Suppose -2*t - 3907 = -3*t - 4*w, 11707 = 3*t + 5*w. Is t a prime number?
False
Suppose 548*c + 41789 = 559*c. Is c a composite number?
True
Let f(r) = -4*r**2 - 4 + 0*r**2 - 2*r + 9*r + 5*r**2. Let y be f(-8). Is 10 - (y + (1 - 9)) composite?
True
Let a(v) = -7*v**3 + 2*v**2 - 2*v - 4. Let l be a(6). Let u = 2453 + l. Is u composite?
False
Let w(g) = 0*g + 0*g + 7*g - 1 + 14*g. Let q be w(12). Suppose 291 + q = 4*a + 5*d, 4*a + d - 534 = 0. Is a a prime number?
False
Suppose 4*m - 12 = 0, -19*k - m = -15*k - 9631. Is k composite?
T